at is g(w)?
-1
Let j(t) = t**2 - 3*t + 2. Let q be -21*11/(99/(-6)). Suppose 8*m - 10 - q = 0. Calculate j(m).
2
Suppose 6*x = 3*x + 159. Suppose 59 = g + x. Let v(d) = -2 + 3 - 5 + d**2 - 6*d. Give v(g).
-4
Let s(d) = 35*d - 23*d - 3*d**2 + 10 + 4*d**2. Let j = 4713 - 4724. Determine s(j).
-1
Let i(o) be the first derivative of -o**3/3 - 5*o**2 + 17*o + 319. What is i(2)?
-7
Let m(w) = -5*w + 3. Let z be (-40)/(-32) + (-2)/8. Let b(t) = 1 - t + 4*t - z - 1. Let r(p) = -11*b(p) - 6*m(p). Calculate r(-6).
11
Let n(d) be the third derivative of d**4/2 + 12*d**3 - 44*d**2 - 2. Calculate n(-7).
-12
Suppose 52*t - 91 = -39. Let d(k) = 19*k**3 - 43*k**3 - 22*k**3 + 1 - k**2. Determine d(t).
-46
Let b(w) = 6*w**3 + 4*w**2 - 69*w - 253. Let c(y) = y**3 - 12*y - 42. Let s(r) = -3*b(r) + 17*c(r). Calculate s(-12).
9
Let l(f) = f**3 + 6*f**2 - 6*f + 5. Let c(z) be the second derivative of -19*z**3/6 - 197*z**2/2 - 163*z. Let o be c(-10). Determine l(o).
-2
Let d(o) = -19*o**3 - 15*o**2 - 17*o - 8. Let k(v) = -21*v**3 - 17*v**2 - 19*v - 9. Let g(s) = 11*d(s) - 10*k(s). Give g(-2).
8
Suppose 52 = -y + 49. Let u(q) be the first derivative of -5*q**2 - 16*q + 4. Let w(l) = -7*l - 11. Let m(h) = 5*u(h) - 7*w(h). Determine m(y).
0
Suppose -4*k - 2*u + 300 = 0, 6*k - 9*k + 3*u = -225. Let q(s) = 2*s + 223 - k - 75 - 74. Let b = -3 - 4. Calculate q(b).
-15
Let h(n) be the second derivative of n**5/120 + 7*n**4/24 + 68*n**3/3 + 62*n. Let u(f) be the second derivative of h(f). Calculate u(3).
10
Let i be (-882)/(-245)*(-10)/(-12)*1. Let r(c) = 2*c - 13. Give r(i).
-7
Let k = -9 - -5. Let u be 1*(k + -4 + 1). Let o(z) = 7*z**2 - 3*z - 11. Let q(i) = -9*i**2 + 6*i + 12. Let s(g) = 4*o(g) + 3*q(g). Calculate s(u).
-1
Let d(g) = 14*g**2 - g - 2. Let v be d(1). Let f(k) = -15*k + 167. Give f(v).
2
Let o(j) = j**2 + 10*j - 10. Suppose -6*f - 5 = -f, n + 4*f + 1 = 0. Let l be (-8)/n*(6 - (-12)/(-8)). Calculate o(l).
14
Let d(g) = -11*g**2 - 12*g - 2. Let v(t) = -2*t**2 - t - 1. Let w(r) = d(r) - 5*v(r). Let b = 1479 + -1487. Determine w(b).
-5
Let m = -152 - -148. Let o(j) be the second derivative of -j**4/12 - 2*j**3/3 + j**2 + 82*j. Determine o(m).
2
Suppose 0 = -45*w + 49*w - 56. Let a(m) = w*m + 25*m**3 + 5*m**2 - 26*m**3 - 14*m - 6. Give a(3).
12
Let l(g) = g**2 + 8*g. Suppose 9*f + 2 = 56. Let d be (-5 + (f - 3))*4. Determine l(d).
0
Let f(n) = 7*n**2 + 121*n + 27. Let l be f(-17). Let w(h) = -h**3 - 7*h**2 - 6*h + 14. Give w(l).
56
Suppose l - 5*b + 7 = 0, 2*l + 0*l = 4*b - 2. Let x(k) = -17*k**3 + 6*k**2 - 10*k - 23. Let z be x(-6). Let a(g) = g + z - 3929 - 3*g. Give a(l).
-10
Let r(q) = 21*q + 37*q - 2*q**2 + 48 + 18*q + 29 - 31*q. Give r(24).
5
Let w(q) = 17*q**2 + 154*q + 12. Suppose -112*y + 276 = 1284. Give w(y).
3
Suppose -680 = 18*n - 5*n - 667. Let i(s) = -29*s - 1. Give i(n).
28
Let y(v) = 2*v**2 - 7*v + 7. Suppose -450 = -13*j - 2*j. Suppose 5*t = 5*w - 20, 0*w - 4*w + j = 3*t. Calculate y(w).
37
Let q(o) = -4*o**3 - 37*o**2 + 633*o + 55. Let j be q(-18). Let d(p) = -3*p - p + p. Determine d(j).
-3
Let l(t) = t**3 - 8*t**2 - 2*t - 6. Let q = 211 + -208. Let y(o) = 2*o**3 - 16*o**2 - 4*o - 12. Let c(h) = q*y(h) - 5*l(h). What is c(8)?
-22
Let f(h) be the third derivative of h**5/15 - h**4/24 - 4*h**3/3 - 389*h**2 + 3. What is f(-2)?
10
Let i be -4*37/(-8) - (-4)/(-8). Let w be 1 + (-6)/12*i. Let z(k) = -k - 1. Let j(a) = -a**2 - 11*a - 10. Let m(b) = j(b) - 3*z(b). Calculate m(w).
-7
Let l = 4 + 0. Suppose -l*c = 5*x - 1 - 9, 3*c - 7 = -4*x. Let z(d) = 0*d - 3 - 7*d**2 + 7*d + 0*d**2 + 11*d**2 - 81*d**3 + 80*d**3. Determine z(c).
7
Let t(p) = -91*p + 16*p + 76*p - 23. Calculate t(24).
1
Let m(y) = 53 + y - 235 + 57 + 60 + 55. Calculate m(4).
-6
Let a(w) = -4*w**2 - 8*w - 30. Let v(b) = 35*b - 4276. Let y be v(122). Determine a(y).
-126
Let o = -56 + 59. Let w(b) = b**3 - 5*b**3 - 35*b + 6 + 5*b**2 + 39*b + o*b**3. What is w(6)?
-6
Suppose -n - 5*b = -23, 4*n + 3*b - 4*b = 71. Let u = -2214 + 2233. Let o(i) = -n*i - 2 + 0 + 0 + u*i. Determine o(-3).
-5
Let t(h) = h**3 - h**2 + 2. Suppose 228 = 7*f + 235. Calculate t(f).
0
Let d(g) be the second derivative of g**4/12 + g**3/2 + g**2 - g. Suppose 4*v - 45 = -v. Suppose 10 = -5*t + 5*p, v*t - 6*t - p + 10 = 0. What is d(t)?
6
Let g be -1 + 2 + 9/3. Let r(b) be the second derivative of -b**6/360 + b**5/24 + b**4/12 - 8*b**3 + 62*b. Let n(z) be the second derivative of r(z). Give n(g).
6
Let d(r) be the third derivative of -r**6/60 + 7*r**5/30 + 13*r**4/24 - 5*r**3/3 + 4311*r**2. Give d(8).
-34
Let x(k) be the first derivative of k**3/3 + 13*k**2/2 + 23*k - 1. Suppose 4182 + 4738 = -893*v + v. Calculate x(v).
-7
Let m(x) = 28*x + 19. Let q(d) = 100*d + 57. Let u(g) = -7*m(g) + 2*q(g). What is u(-10)?
-59
Let h(b) = -3*b + 26. Let p(y) = -2*y + 16. Let v(l) = -4*h(l) + 10*p(l). Determine v(8).
-8
Suppose -2 = -v + 2. Let r(q) be the first derivative of q**4/12 - 2*q**3/3 - 5*q**2/2 + 134*q - 66. Let g(h) be the first derivative of r(h). Give g(v).
-5
Suppose m = -2*i + 12, -3*m - 7*i + 11 = -6*i. Let t be (-2 + (-50)/(-20))/(m/8). Let c(g) = -g**2 + 5*g - 2. Calculate c(t).
4
Let z be (-2)/(-10) + (7/(-35) - -2). Let t(d) = -6*d**3 - 22*d**2 + 9*d + 1. Let q(x) = x**3 + 5*x**2 - 2*x. Let r(o) = -9*q(o) - 2*t(o). What is r(z)?
18
Let h = -21930 + 21925. Let s(m) = 27*m + 3. Calculate s(h).
-132
Let q(b) = 4*b + 20. Suppose -43*z - 856 = -555. Calculate q(z).
-8
Let f(p) = p - 22. Let a be f(20). Let b be 2 - (1 + -9 + 2 - a). Let m(n) = 7*n - 6 - n**2 - 14*n + b. What is m(-3)?
12
Let u(z) be the third derivative of z**5/60 - z**4/6 + z**3/2 + 2*z**2. Let s = -21 + 243. Let r = s - 218. Determine u(r).
3
Let k be 15/5*(-34)/(-51). Let n(g) = -26*g + 49. Calculate n(k).
-3
Let n(q) = 2*q**2 + q - 21. Let a(v) = -2*v**2 + 15. Let h(t) = -7*a(t) - 5*n(t). Give h(-4).
84
Let j(n) = n**2 - 3*n + 1. Let d(a) = 5*a**2 - 3*a + 18. Let z(l) = -d(l) + 6*j(l). Let t = -253 + 269. Determine z(t).
4
Let j = -5 - -11. Let v = -54 - -56. Let n(m) = 9 - 530*m**v + 268*m**2 - 9*m + 269*m**2 - m**3. Determine n(j).
-9
Let t = -11150 - -11152. Let y(z) be the third derivative of z**3 - 1/12*z**4 - 18*z**t + 0 + 0*z. Give y(5).
-4
Let s(p) = -p**2 - 3*p + 40. Suppose -9 = h + 3*d, 0 = 15*h - 20*h - 3*d + 15. Determine s(h).
-14
Let p(j) be the second derivative of -9*j + 2 - 2*j**2 - 2/3*j**3 - 1/12*j**4. Calculate p(-4).
-4
Let c(q) = q**3 - 3*q**2 - 29*q + 9. Let b be c(7). Let f(r) = -r**3 - 8 - b + 2*r**2 - r + 0 + 7 - 1. What is f(0)?
-4
Let h(l) = -22*l - 972. Let a(c) = 9*c + 324. Let n(j) = -7*a(j) - 2*h(j). What is n(-17)?
-1
Let t(m) = -m + 8. Let z be t(8). Let o = 69 + -67. Let n(d) = -d**o + 122*d - d**3 + 3 + 113*d - 234*d. Calculate n(z).
3
Suppose 1026 - 65 = h. Let w(j) = -478*j + h*j - 2 - j**2 - 477*j. Determine w(4).
6
Suppose -5*x - 3*q + 3280 = 0, 8*x = 11*x + 4*q - 1968. Let m(i) = -9*i - x + 656. What is m(-1)?
9
Suppose 3*k = 7*k. Let h(t) be the third derivative of t**4/24 - 17*t**3/3 - 556*t**2. Calculate h(k).
-34
Let s(j) = -5*j + 4. Let k be ((64/(-6))/4)/((-2)/24). Let o be (k/6 + -4)*18. Suppose -2*u + 32 = o. What is s(u)?
-16
Let k be 6/8 + ((-510)/425)/(8/45). Let c(a) = -26*a - 152. What is c(k)?
4
Let g(v) = -v**3 - 4*v**2 - 6. Let r be 1/(-5) - 96/(-30)*1. Let q(n) = -n**2 + n - 4*n - 3*n - r*n - 19. Let u be q(-7). Give g(u).
19
Suppose 26*g - 6549 = 23*g. Let i(w) = -w - 2183 + 17*w**2 + g. Calculate i(-1).
18
Let n = 1303 + -1296. Let q(s) be the first derivative of -n + 0*s**2 + 2/3*s**3 - s - 1/4*s**4. Calculate q(1).
0
Let s(v) = -v**2 - v + 17. Let p(i) = -8*i - 18. Let o be p(-6). Let w be (-3)/(-2)*-5*o/25. Let x be 6/w - 2/(-3). What is s(x)?
17
Let m(q) be the second derivative of 5*q**5/4 - q**4/6 + q**3/3 + q**2/2 + 5033*q. What is m(1)?
26
Let c(u) be the second derivative of u**5/20 - 23*u**4/12 + 7*u**3 + u**2/2 - 4*u - 878. Give c(21).
1
Let a(p) = -p**2 - 2*p + 2. Suppose -3*c - 5 + 5 = 0. Let y be a(c). Let m(l) = 117*l**2 - y + 2 + 9*l - 118*l**2. What is m(9)?
0
Let z(q) be the third derivative of 0 - 4*q**2 + 1/120*q**5 + 0*q - 1/8*q**4 + 11/6*q**3. Let v(x) be the first derivative of z(x). What is v(8)?
5
Let k = 424 - 372. Suppose -2*j + 3*o + 0 - 4 = 0, k = -4*j -